 - 10867. What is the hundreds digit of m?
6
What is the thousands digit of (-9)/(-27) - (-193983)/9?
1
Let d = -553 - -547. Let x(n) = -5*n + 12. Let o(h) = -5*h + 13. Let k(q) = -6*o(q) + 7*x(q). What is the units digit of k(d)?
6
Let n be (-13)/(25/(-10) + (-13)/(-6)). What is the tens digit of 3502/3 - ((-494)/n + 12)?
6
Let y(l) = -16*l**2 + 18*l + 5*l**2 + 22 + 12*l**2. Let w be y(-15). Let v = 33 - w. What is the tens digit of v?
5
Let o be (2 - (-30)/(-12))/(1/(-2)). Suppose -v + o = 0, -v = -3*m + v + 1. What is the tens digit of (62/(-5))/(m/(10/(-4)))?
3
Let a(j) = 810*j**2 + 50*j + 188. What is the tens digit of a(-7)?
2
Let g(z) = -4*z**3 + 2*z**3 - 1 - 70*z + 96*z + 7*z**2. What is the hundreds digit of g(-6)?
5
Let s(h) = h**3 - 11*h**2 - 4*h - 8. Let w be (-18)/12*(-24)/3. Let f = 0 + w. What is the units digit of s(f)?
8
Let v(a) = -5*a**2 - 2*a - 5. Suppose -1 = -5*u + 4*j - 9, -4*j = 12. Let k be v(u). Let m = -53 - k. What is the tens digit of m?
2
Let x = -96 - -106. What is the hundreds digit of (-2)/(6/46*x/(-105))?
1
Let o(q) = q**3 + q**2 - 3*q + 240. Let h be 4*((-5 - -7) + -3). Let v be (-1 + -2 + (-12)/h)*1. What is the units digit of o(v)?
0
What is the thousands digit of 3/6*(1 + 50355)?
5
Suppose 0 = -17*i + 11501 + 11126. Suppose -3*g = -4*f + 1642, 4*f - g = 315 + i. What is the tens digit of f?
1
Let i(x) = -x**3 + 9*x**2 + 1132*x + 45. What is the units digit of i(-35)?
5
Suppose 8*p - 2*p = 18. Suppose 0 = -8*o + p*o + 10. What is the units digit of 85 - (6 - o)*-1?
9
Let i = -3409 - -17499. What is the units digit of i?
0
Let m(k) = -k**3 + 9*k**2 + k - 17. Suppose 7*b + 48 = -1. What is the units digit of m(b)?
0
Suppose 5*i = -2*f + 12, 3*i = -5*f + 1 + 10. Let y(g) = 186*g + 4. What is the tens digit of y(f)?
9
Suppose -2*r + 183 = -5*i, -r = i + 20 + 11. Let q be i/14*(198/5)/(-3). What is the tens digit of (-10)/55 - 27/q - -86?
8
Let i = 5467 + -4695. What is the hundreds digit of i?
7
Suppose 13*n - 145963 - 33593 = 279032. What is the ten thousands digit of n?
3
Let o be 5 + 26 + -2 + (0 - -3). Let i = o + 109. What is the tens digit of i?
4
Let t(m) = 373*m**2 + 30*m + 31. What is the thousands digit of t(-6)?
3
Let b(c) = -c**3 - 22*c**2 - 22*c - 19. Let m be b(-21). Let w = -13 - -89. Let v = w + m. What is the units digit of v?
8
Let f be ((-4)/2*-5)/(8/(-4)). Let j(q) = -13*q - 6. Let a be j(f). Let h = 81 - a. What is the units digit of h?
2
Let x be -6 + (-980)/(-5) - 5. Suppose p - 21 = x. What is the hundreds digit of p?
2
Suppose -5*o = -4*i - 12193, 0 = i - 9 + 11. Suppose -1177 + 4828 = 3*n + 3*f, -o = -2*n + f. What is the hundreds digit of n?
2
Suppose -4*w - 3*b = -7*b + 1052, w = 3*b - 273. Let c = 1997 + w. What is the hundreds digit of c?
7
Let n(t) = 517*t**2 - 26*t - 3. What is the hundreds digit of n(9)?
6
Let x = -11844 + 18667. What is the hundreds digit of x?
8
Let m(g) be the third derivative of -g**4/2 - 5*g**3/2 - 6*g**2. Suppose -29*c - 288 = 60. What is the tens digit of m(c)?
2
Let m be -1*(-6 - 3 - -7). Suppose 5*d - 9*c = -10*c + 8257, m*d + c - 3301 = 0. What is the tens digit of d?
5
Let c be (-697)/(-3) - ((-30)/18 + 3). What is the units digit of (-4)/(-10) + 9 + c/35?
6
Let b = 46839 + -30945. What is the units digit of b?
4
Let f = 35549 + -13328. What is the ten thousands digit of f?
2
Let o = -3 + 3. Suppose o = -3*r + 787 + 155. What is the tens digit of r?
1
Let c(r) = -20*r - 54. Let n be c(-3). Suppose -n*w - 385 + 5605 = 0. What is the tens digit of w?
7
Let n(v) = -10*v - 5. Let m(r) = -r**2 - 23*r - 149. Let c be m(-12). What is the units digit of n(c)?
5
Let f = 29640 + -14507. What is the hundreds digit of f?
1
Suppose 0 = -4*v - 6*v + 240. Let x = 174 - v. What is the hundreds digit of x?
1
Let h be (-3)/(-2 + -1 + (-7)/(-2)). What is the hundreds digit of (h/9)/((-4 + 12)/(-5928))?
4
Let q(y) = -6*y**2 - 47*y - 22. Let h(z) = -11*z**2 - 92*z - 43. Let k(n) = -4*h(n) + 7*q(n). What is the units digit of k(-20)?
8
Suppose -12*k + 74 + 98 = 100. Let j = -1858 + 2708. Suppose k*v - j = 272. What is the units digit of v?
7
Suppose -12 = -32*h + 29*h. Suppose -4*l + 4*q = -3004, -16*q + 12*q = h*l - 3044. What is the tens digit of l?
5
What is the units digit of 174/(-580) - (-105939)/30?
1
Suppose -8 = 44*j - 8. Suppose -3*m = -4*i - m, -4*i = -4*m + 8. Suppose 2*d + i*o + 182 = 4*d, -4*d + 3*o + 366 = j. What is the units digit of d?
3
What is the units digit of 9 - (-104)/(-12)*-1014 - 0?
7
Let t(n) = -13*n + 9. Let h(o) = -13*o + 8. Let b(z) = 6*h(z) - 5*t(z). Let i be b(-8). Let w = i - 71. What is the units digit of w?
6
Let k = -35512 + 62697. What is the hundreds digit of k?
1
What is the units digit of ((-178126)/31)/(-1*4/20)?
0
Suppose k + 11*y = 8*y + 426, -3*k = 2*y - 1250. Suppose 4*w - 1272 - k = -q, -3*w = -q - 1268. What is the tens digit of w?
2
Let i = 540 + -925. Let y = 1365 + i. What is the units digit of y?
0
Let h be (56/35)/(16/40). Suppose -2*x = -2*m - 2726, -3*m - 1395 = h*x - 6882. What is the tens digit of x?
6
Let l be 1 + 0 - 2/(-2). Suppose -l = o, -5*o - 185 - 37 = 2*q. What is the tens digit of 12/8 + q/(-4)?
2
Suppose -46217 = -23*f + 59767. What is the units digit of f?
8
Let u(c) = -15669*c - 573. What is the thousands digit of u(-1)?
5
Suppose -135 - 93 = -2*i - a, 4*a = i - 123. What is the tens digit of i?
1
Let n be (56/6)/((-3)/(-9)). Let b = 23 - n. What is the units digit of (b - -3) + (1 + 0 - -44)?
3
Let x be 704/112 + 4/(-14). Suppose -12 = 4*h, 5*d = -h + x*h. Let z(j) = -32*j - 4. What is the tens digit of z(d)?
9
Let l = -8656 - -8794. What is the hundreds digit of l?
1
Let j = 242 + -203. Suppose 1192 + 16943 = j*w. What is the tens digit of w?
6
Let t = 129 - 121. Suppose -9*j = -5*j - t. Suppose -14 = -n + 3*z, -4*z - 1 = n - j*z. What is the units digit of n?
5
Let f be (-19)/38 + (-58)/4. Let i = -15 - f. Suppose i = -4*o, 2*x = 7*o - 2*o + 54. What is the units digit of x?
7
Suppose n = -5*r + 37, 4*r + 2*n - 33 = -7. Suppose -8*p + 4*p = -4000. Suppose r = 6*q - p. What is the hundreds digit of q?
1
Let x be (0 + -2)*(-78)/52. Suppose -x*v = -2*v - 790. What is the units digit of v?
0
Suppose 26*p - 68 = 25*p. What is the units digit of p?
8
Let m = -22834 + 79328. What is the ten thousands digit of m?
5
Let f = -26137 - -54178. What is the hundreds digit of f?
0
Let j(l) = l**3 + l**2 + l. Let b(c) = 16*c**2 + 15. Let h(d) = b(d) - j(d). Let f be h(15). Suppose f = -3*u + 110 + 76. What is the tens digit of u?
6
Suppose -37082 - 10402 = -55*v + 19*v. What is the units digit of v?
9
Let y(b) = -4*b - 58. Let w be y(-20). Let f = w + 101. What is the hundreds digit of f?
1
Suppose 39*x - 564 = -8*x. What is the hundreds digit of ((-27 - 1)*489/x)/(-1)?
1
Suppose -19*z - 11*z = -447120. Suppose 27*n - z = -0*n. What is the units digit of n?
2
Suppose -3*j + 12 = -2*j. Let v(r) = 137*r**2 + 7*r + 157*r**2 - r**3 - 15 - 282*r**2. What is the units digit of v(j)?
9
Let g = 42 - 37. Let u be 1*((-120)/(-4))/g. Suppose u*b - 523 - 317 = 0. What is the units digit of b?
0
What is the thousands digit of (330/7)/((-14)/(-588)) + -3?
1
Suppose -2*u + 24060 = 2*z - 5160, -z + u + 14616 = 0. What is the tens digit of z?
1
Let u be 42/(7/((-7)/(-2))). Suppose r = 4*i + u, -4*r + 5*i + 6 = -5*r. What is the tens digit of r/(-27) + (-206)/(-6)?
3
Suppose 283*y - 3000206 = 735677. What is the thousands digit of y?
3
Let s(y) = 14*y**3 - 11*y**2 - 9*y - 9. Let w(d) = 2*d**2 + d + 1. Let h(o) = s(o) + 6*w(o). What is the units digit of h(3)?
5
Let q(r) = 16*r**2 - 13*r + 43. Let k be q(3). Suppose -3*w = -k - 806. What is the tens digit of w?
1
Suppose -73*s - 96 = -76*s. Let x = 20 - 33. Let d = x + s. What is the units digit of d?
9
Suppose y - 41 = -2*k - 3*k, 2*k + 2*y = 10. Suppose 0 = 6*o - k*o + 621. What is the hundreds digit of o?
2
Let n = 16499 - -1424. What is the ten thousands digit of n?
1
What is the tens digit of 1675 + -6 + -8*(-7)/4?
8
Suppose 16*f - 169515 = 16*f - 45*f. What is the tens digit of f?
6
Let m(f) = f + 7. Let s be m(-2). Let w(b) = -47*b - 31. Let y be w(s). Let l = y + 379. What is the tens digit of l?
1
Let d = 41 + 6. Let n be (-7 + (-154)/(-21))/(8/(-216)). Let j = n + d. Wha